t is the units digit of 780?
0
What is the hundreds digit of 4674?
6
What is the hundreds digit of 446?
4
What is the hundreds digit of 217?
2
What is the units digit of 5619?
9
What is the units digit of 2236?
6
What is the tens digit of 247?
4
What is the units digit of 2690?
0
What is the thousands digit of 64245?
4
What is the hundreds digit of 27105?
1
What is the hundreds digit of 30218?
2
What is the hundreds digit of 701?
7
What is the hundreds digit of 1425?
4
What is the tens digit of 1796?
9
What is the units digit of 321?
1
What is the tens digit of 3149?
4
What is the thousands digit of 1006?
1
What is the units digit of 938?
8
What is the thousands digit of 10067?
0
What is the units digit of 17632?
2
What is the thousands digit of 1698?
1
What is the tens digit of 4394?
9
What is the thousands digit of 2255?
2
What is the tens digit of 13614?
1
What is the thousands digit of 1665?
1
What is the hundreds digit of 32594?
5
What is the thousands digit of 4002?
4
What is the hundreds digit of 31410?
4
What is the units digit of 13913?
3
What is the ten thousands digit of 16608?
1
What is the ten thousands digit of 95030?
9
What is the thousands digit of 6394?
6
What is the hundreds digit of 17038?
0
What is the units digit of 5278?
8
What is the thousands digit of 35975?
5
What is the hundreds digit of 1124?
1
What is the units digit of 1500?
0
What is the tens digit of 10319?
1
What is the units digit of 5847?
7
What is the tens digit of 6997?
9
What is the hundreds digit of 38416?
4
What is the ten thousands digit of 20673?
2
What is the thousands digit of 101873?
1
What is the hundreds digit of 4297?
2
What is the ten thousands digit of 38401?
3
What is the units digit of 5039?
9
What is the tens digit of 57795?
9
What is the hundreds digit of 38429?
4
What is the tens digit of 13399?
9
What is the tens digit of 1741?
4
What is the units digit of 238?
8
What is the hundreds digit of 707?
7
What is the units digit of 3955?
5
What is the units digit of 1158?
8
What is the units digit of 1398?
8
What is the units digit of 15324?
4
What is the hundreds digit of 10771?
7
What is the ten thousands digit of 23155?
2
What is the thousands digit of 16114?
6
What is the hundreds digit of 6497?
4
What is the tens digit of 4749?
4
What is the thousands digit of 2578?
2
What is the hundreds digit of 407?
4
What is the units digit of 8601?
1
What is the units digit of 997?
7
What is the hundreds digit of 29174?
1
What is the units digit of 298?
8
What is the hundreds digit of 401?
4
What is the tens digit of 36455?
5
What is the units digit of 95?
5
What is the hundreds digit of 10408?
4
What is the tens digit of 35024?
2
What is the hundreds digit of 12754?
7
What is the thousands digit of 1048?
1
What is the units digit of 2560?
0
What is the thousands digit of 2394?
2
What is the hundreds digit of 8027?
0
What is the units digit of 4898?
8
What is the units digit of 5428?
8
What is the units digit of 4579?
9
What is the tens digit of 25050?
5
What is the thousands digit of 21384?
1
What is the tens digit of 6777?
7
What is the tens digit of 9760?
6
What is the units digit of 13629?
9
What is the tens digit of 6516?
1
What is the tens digit of 1437?
3
What is the hundreds digit of 4970?
9
What is the thousands digit of 1390?
1
What is the tens digit of 14426?
2
What is the hundreds digit of 1101?
1
What is the tens digit of 3236?
3
What is the units digit of 2337?
7
What is the ten thousands digit of 59218?
5
What is the hundreds digit of 951?
9
What is the thousands digit of 1534?
1
What is the tens digit of 17491?
9
What is the hundreds digit of 3471?
4
What is the hundreds digit of 5045?
0
What is the tens digit of 1560?
6
What is the units digit of 37785?
5
What is the hundreds digit of 378?
3
What is the hundreds digit of 89586?
5
What is the hundreds digit of 23723?
7
What is the thousands digit of 24609?
4
What is the tens digit of 1415?
1
What is the tens digit of 41864?
6
What is the tens digit of 73884?
8
What is the thousands digit of 1988?
1
What is the hundreds digit of 24433?
4
What is the hundreds digit of 4351?
3
What is the hundreds digit of 3097?
0
What is the tens digit of 1216?
1
What is the units digit of 1003?
3
What is the hundreds digit of 6280?
2
What is the ten thousands digit of 94005?
9
What is the ten thousands digit of 45111?
4
What is the thousands digit of 7039?
7
What is the units digit of 918?
8
What is the units digit of 33?
3
What is the thousands digit of 10737?
0
What is the hundreds digit of 88708?
7
What is the hundreds digit of 46460?
4
What is the thousands digit of 2112?
2
What is the hundreds digit of 7546?
5
What is the hundreds digit of 5983?
9
What is the thousands digit of 131308?
1
What is the ten thousands digit of 17495?
1
What is the thousands digit of 7559?
7
What is the hundreds digit of 1050?
0
What is the thousands digit of 5354?
5
What is the units digit of 35111?
1
What is the ten thousands digit of 21272?
2
What is the thousands digit of 3687?
3
What is the hundreds digit of 41737?
7
What is the tens digit of 22529?
2
What is the units digit of 309?
9
What is the units digit of 16528?
8
What is the tens digit of 8428?
2
What is the thousands digit of 15147?
5
What is the tens digit of 88?
8
What is the hundreds digit of 333?
3
What is the tens digit of 911?
1
What is the ten thousands digit of 35973?
3
What is the thousands digit of 141967?
1
What is the hundreds digit of 1038?
0
What is the tens digit of 4778?
7
What is the hundreds digit of 3158?
1
What is the units digit of 2196?
6
What is the tens digit of 82685?
8
What is the tens digit of 14842?
4
What is the thousands digit of 39824?
9
What is the thousands digit of 25662?
5
What is the thousands digit of 2647?
2
What is the tens digit of 1096?
9
What is the thousands digit of 3293?
3
What is the thousands digit of 3570?
3
What is the units digit of 4090?
0
What is the hundreds digit of 5520?
5
What is the tens digit of 36996?
9
What is the thousands digit of 3777?
3
What is the units digit of 1099?
9
What is the tens digit of 68?
6
What is the hundreds digit of 5283?
2
What is the hundreds digit of 2650?
6
What is the hundreds digit of 7538?
5
What is the hundreds digit of 109430?
4
What is the ten thousands digit of 24072?
2
What is the ten thousands digit of 10090?
1
What is the units digit of 3003?
3
What is the hundreds digit of 40461?
4
What is the tens digit of 52695?
9
What is the units digit of 799?
9
What is the tens digit of 1188?
8
What is the ten thousands digit of 79900?
7
What is the thousands digit of 26401?
6
What is the units digit of 13849?
9
What is the hundreds digit of 2658?
6
What is the hundreds digit of 3612?
6
What is the units digit of 54913?
3
What is the thousands digit of 7637?
7
What is the hundreds digit of 786?
7
What is the hundreds digit of 1617?
6
What is the tens digit of 1125?
2
What is the units digit of 919?
9
What is the units digit of 929?
9
What is the units digit of 315?
5
What is the tens digit of 4508?
0
What is the ten thousands digit of 60599?
6
What is the tens digit of 17?
1
What is the thousands digit of 1477?
1
What is the hundreds digit of 53718?
7
What is the hundreds digit of 4962?
9
What is the units digit of 536?
6
What is the units digit of 3462?
2
What is the hundreds digit of 2068?
0
What is the tens digit of 6234?
3
What is the hundreds digit of 258?
2
What is the hundreds digit of 79191?
1
What is the tens digit of 1584?
8
What is the tens digit of 70586?
8
What is the units digit of 86?
6
What is the units digit of 704?
4
What is the hundreds digit of 824?
8
What is the thousands digit of 37807?
7
What is the hundreds digit of 7284?
2
What is the hundreds digit of 52030?
0
What is the units digit of 2928?
8
What is the tens digit of 44313?
1
What is the thousands digit of 3966?
3
What is the tens digit of 30?
3
What is the tens digit of 1882?
8
What is the thousands digit of 4483?
4
What is the units digit of 2234?
4
What is the tens digit of 102576?
7
What is the units digit of 506?
6
What is the units digit of 2509?
9
What is the tens digit of 13441?
4
What is the thousands digit of 4949?
4
What is the tens digit of 47130?
3
What is the hundreds digit of 324